{"id":7,"date":"2021-02-09T15:30:47","date_gmt":"2021-02-09T14:30:47","guid":{"rendered":"http:\/\/jeannot.de\/jeannot_2021\/?page_id=7"},"modified":"2021-08-02T14:41:44","modified_gmt":"2021-08-02T12:41:44","slug":"kontakt","status":"publish","type":"page","link":"https:\/\/jeannot.de\/jeannot_2021\/kontakt\/","title":{"rendered":"Kontakt\/Impressum"},"content":{"rendered":"\n<p><br><br><strong>Jeannot Wei\u00dfenberger\u00a0<br><\/strong>Werbeagentur und Grafikatelier<br><br>Am Stadtgraben 21<br>79650 Schopfheim<br><br>Telefon +49 (0) 76 22 6 22 99<br>Telefax +49 (0) 76 22 6 22 46 \u00a0\u00a0\u00a0\u00a0\u00a0\u00a0\u00a0\u00a0\u00a0\u00a0<br>\u00a0\u00a0\u00a0\u00a0\u00a0\u00a0\u00a0\u00a0\u00a0\u00a0\u00a0\u00a0\u00a0\u00a0\u00a0\u00a0\u00a0\u00a0\u00a0\u00a0\u00a0\u00a0\u00a0\u00a0\u00a0\u00a0\u00a0\u00a0\u00a0\u00a0\u00a0\u00a0\u00a0\u00a0\u00a0\u00a0\u00a0\u00a0\u00a0\u00a0\u00a0\u00a0<br>E-Mail:<a href=\"mailto:jeannot@jeannot.de\">\u00a0jeannot@jeannot.de<\/a><br>Internet: www.jeannot.de<\/p>\n\n\n\n<p>Registergericht: Amtsgericht Schopfheim<br>Umsatzsteuer-Identifikationsnummer: DE 14 24 11 643<br>Gesch\u00e4ftsf\u00fchrer: Jeannot Weissenberger<\/p>\n\n\n\n<p>Inhaltlich Verantwortlicher gem\u00e4ss \u00a76 MDStV: <br>Jeannot Weissenberger<br>Wir \u00fcbernehmen keine Gew\u00e4hr f\u00fcr die Richtigkeit, Vollst\u00e4ndigkeit und Aktualit\u00e4t der auf dieser Website befindlichen Informationen.<\/p>\n","protected":false},"excerpt":{"rendered":"<p>Jeannot Wei\u00dfenberger\u00a0Werbeagentur und Grafikatelier Am Stadtgraben 2179650 Schopfheim Telefon +49 (0) 76 22 6 22 99Telefax +49 (0) 76 22 6 22 46 \u00a0\u00a0\u00a0\u00a0\u00a0\u00a0\u00a0\u00a0\u00a0\u00a0\u00a0\u00a0\u00a0\u00a0\u00a0\u00a0\u00a0\u00a0\u00a0\u00a0\u00a0\u00a0\u00a0\u00a0\u00a0\u00a0\u00a0\u00a0\u00a0\u00a0\u00a0\u00a0\u00a0\u00a0\u00a0\u00a0\u00a0\u00a0\u00a0\u00a0\u00a0\u00a0\u00a0\u00a0\u00a0\u00a0\u00a0\u00a0\u00a0\u00a0\u00a0\u00a0E-Mail:\u00a0jeannot@jeannot.deInternet: www.jeannot.de Registergericht: Amtsgericht SchopfheimUmsatzsteuer-Identifikationsnummer: DE 14 24 11 643Gesch\u00e4ftsf\u00fchrer: Jeannot Weissenberger Inhaltlich Verantwortlicher gem\u00e4ss \u00a76 MDStV: Jeannot WeissenbergerWir \u00fcbernehmen keine Gew\u00e4hr f\u00fcr die Richtigkeit, Vollst\u00e4ndigkeit und Aktualit\u00e4t der auf dieser Website befindlichen Informationen.<\/p>\n","protected":false},"author":1,"featured_media":0,"parent":0,"menu_order":0,"comment_status":"closed","ping_status":"closed","template":"","meta":{"footnotes":""},"class_list":["post-7","page","type-page","status-publish","hentry"],"_links":{"self":[{"href":"https:\/\/jeannot.de\/jeannot_2021\/wp-json\/wp\/v2\/pages\/7","targetHints":{"allow":["GET"]}}],"collection":[{"href":"https:\/\/jeannot.de\/jeannot_2021\/wp-json\/wp\/v2\/pages"}],"about":[{"href":"https:\/\/jeannot.de\/jeannot_2021\/wp-json\/wp\/v2\/types\/page"}],"author":[{"embeddable":true,"href":"https:\/\/jeannot.de\/jeannot_2021\/wp-json\/wp\/v2\/users\/1"}],"replies":[{"embeddable":true,"href":"https:\/\/jeannot.de\/jeannot_2021\/wp-json\/wp\/v2\/comments?post=7"}],"version-history":[{"count":5,"href":"https:\/\/jeannot.de\/jeannot_2021\/wp-json\/wp\/v2\/pages\/7\/revisions"}],"predecessor-version":[{"id":776,"href":"https:\/\/jeannot.de\/jeannot_2021\/wp-json\/wp\/v2\/pages\/7\/revisions\/776"}],"wp:attachment":[{"href":"https:\/\/jeannot.de\/jeannot_2021\/wp-json\/wp\/v2\/media?parent=7"}],"curies":[{"name":"wp","href":"https:\/\/api.w.org\/{rel}","templated":true}]}}